t the prime factors of j.
3, 11
Suppose n + 11625 = 3*b - 4515, 3 = -n. What are the prime factors of b?
3, 11, 163
What are the prime factors of ((-6672)/(-7))/((-6)/(-21))?
2, 3, 139
Suppose -z = 22 - 23. What are the prime factors of -1 - -203 - (-6 + z)?
3, 23
Suppose 320*x - 311*x = 9504. List the prime factors of x.
2, 3, 11
Let t = 194 - 380. Let v = t - -272. List the prime factors of v.
2, 43
Let z(s) = -326*s + 501. What are the prime factors of z(-12)?
3, 1471
Let d(x) = -5*x - 4. Let r(y) = 3*y + 2. Let u(z) = 4*d(z) + 7*r(z). List the prime factors of u(11).
3
Let a(d) = 483 - 480 + 4*d**2 + d - 5*d - 3*d**2 + 201*d**3. List the prime factors of a(1).
3, 67
Let g be 4/10 - 24/(-15). Let w = 2 + g. Let p(n) = -n**2 + 5*n - 1. List the prime factors of p(w).
3
Let z = 1066 + -603. What are the prime factors of z?
463
Suppose 102*l + 20174 = 109*l. What are the prime factors of l?
2, 11, 131
Let p(r) = 4*r**2 + 49*r - 34. Let l(g) = -3*g**2 - 33*g + 23. Let k(b) = 7*l(b) + 5*p(b). Let w be k(13). What are the prime factors of ((-3)/(-1))/(w/4)?
3
Suppose 0 = 9*u - 8*u - 92. Let r = 34 + u. What are the prime factors of r?
2, 3, 7
Let i(r) = -r - 2. Let f be i(-5). Suppose 96 = 117*x - 121*x. What are the prime factors of f/(3 - (-63)/x)?
2
Suppose -5*t - o + 88 = 0, 2*t - 11 - 8 = 5*o. Suppose 5*i = 2*j, 5*i + 18 = -5*j - t. What are the prime factors of 0 - (i - -5) - -68?
5, 13
Let v = -1 - -4. Let k = 31 + 2. Suppose v*a + 0*a - k = 0. List the prime factors of a.
11
Suppose -4*b + 16 = -0, -2*b - 3208 = -3*x. What are the prime factors of x?
2, 67
Suppose 2899 = s - 3*h, -8 = h - 3*h. What are the prime factors of s?
41, 71
Let s = 1200 + -609. What are the prime factors of s?
3, 197
Let c = 1486 + -2308. What are the prime factors of (-13)/65 + c/(-10)?
2, 41
What are the prime factors of -1*388*(126/8)/(-7)?
3, 97
Let q(v) = -11*v + 2. Suppose j - 3*m = -3*j - 1, 5*j - 2*m = -3. List the prime factors of q(j).
13
Let o(d) be the second derivative of -d**5/20 - d**4/4 + 5*d**3/2 - 3*d**2/2 - 18*d. What are the prime factors of o(-7)?
2, 11
Suppose -61*g + 108330 = 8*g. List the prime factors of g.
2, 5, 157
Suppose -8868 = -3*m - 2*h, -5*h = 31*m - 33*m + 5893. What are the prime factors of m?
2, 7, 211
Suppose -4*j + 9 - 5 = 4*a, 3*j + 5*a - 1 = 0. Suppose -2*q - 2*y + 650 = 128, 0 = 5*q - j*y - 1284. What are the prime factors of q?
2, 3, 43
Let n be 34 - (-4 - 0)/4. Suppose -31*a = -n*a + 344. List the prime factors of a.
2, 43
Let a(g) = -8*g + 18. Let z(s) = -1. Let h(y) = a(y) + 4*z(y). What are the prime factors of h(0)?
2, 7
Suppose 5*b - 995 = 3*k, 2*k - 6*k + 828 = 4*b. What are the prime factors of b?
2, 101
Let b(o) = o**3 + 10*o**2 + o + 15. List the prime factors of b(-9).
3, 29
What are the prime factors of (-15324)/(-18) - (-4)/(-3)?
2, 5, 17
Suppose -6 + 4 = f. Let v be (3/6)/(f/(-4)). List the prime factors of 9 - v - (-3 - -3).
2
Let r = -276 + 325. What are the prime factors of r?
7
Let t(f) = 9*f - 9. Let c be t(-10). Let g = c + 139. Suppose -130 = -2*r - g. List the prime factors of r.
3, 5
Suppose -2*k - 48 = -6*k. Suppose k*q - 36 = 16*q. What are the prime factors of 4/(-18) - 128/q?
2, 7
Let a(r) = -r**3 - 37*r**2 + 96*r + 47. What are the prime factors of a(-41)?
3, 5, 7
Let b(w) = -w**2 + 12*w + 0 - 8 + 0. Suppose -12*r - 47*r + 413 = 0. What are the prime factors of b(r)?
3
List the prime factors of (-9 + (4 - 4353))*-1.
2, 2179
Let r(y) = -67*y - 46. What are the prime factors of r(-4)?
2, 3, 37
Let v be ((-8)/2)/(2/(-22)). Let k(y) = 8*y - 91. Let f be k(12). Suppose x + i - v = 5*i, -f*x - 3*i = -312. What are the prime factors of x?
2, 3, 5
Let x = -5 - -43. Suppose -230 = -2*y - x. List the prime factors of y.
2, 3
Let s(c) = 17*c**2 - 18*c - 26. What are the prime factors of s(-7)?
3, 311
Let m(o) be the first derivative of o**4/4 - 14*o**3/3 - 7*o**2 + 14*o - 15. List the prime factors of m(15).
29
Suppose -15 = -5*o + 10. Suppose f - 4*w - 60 = 0, o*f + 4*w - 379 - 41 = 0. List the prime factors of f.
2, 5
Suppose 2 = 2*g - 2. Suppose 3*k + 8 = g, -2*q + 3*k + 14 = 0. Suppose -y + 210 = q*y. What are the prime factors of y?
2, 3, 7
Let l be ((-6)/15)/((-4)/(-500)). List the prime factors of (-1)/(-2) - 6975/l.
2, 5, 7
Let q = 326 + -71. List the prime factors of q.
3, 5, 17
Suppose 0 = 2*p - 6*p. Let f = 4 + p. Suppose i - 4*v - 35 = -4, f*v = -5*i + 251. List the prime factors of i.
47
Let u = -437 + 581. List the prime factors of u.
2, 3
Let s(n) = 2*n**2 - 14*n + 14. List the prime factors of s(12).
2, 67
Suppose 5*i - 6 = -5*y + 2*i, 4*y + 2*i = 4. Let x be y - (-36)/3*-6. What are the prime factors of (6/(-2))/(27/x)?
2
Let j(w) = -5*w**3 + w**2 + 3*w + 2. Let c be j(-1). Suppose 4*x + 39 = q - 27, -4*x = -c*q + 330. What are the prime factors of q?
2, 3, 11
Let s be ((-7)/2)/(3/(-6)). Let n = 10 - s. Let w = 7 - n. What are the prime factors of w?
2
Suppose 5*g = 5*i - 105, 20 = -g - 3*i + 5*i. Let y = g + 25. Suppose 2*j + y = 133. List the prime factors of j.
5, 13
Let o(m) = 28*m**2 + 62*m + 8. List the prime factors of o(6).
2, 347
Let c(g) = g + 6. Let i(d) = -d**2 - 5*d + 1. Let f be i(-6). Let j be c(f). What are the prime factors of j/(1/36) - 0?
2, 3
Suppose 2*d + 2*d + 3416 = -2*g, -2*g + d = 3416. List the prime factors of g/(-16) - (21/12 - 2).
107
Let f = 58 + -34. Let h = -7 + 4. What are the prime factors of h - (0 - f - -3)?
2, 3
Suppose -q - 8 = -4*q + 2*r, -5*q = 2*r - 24. Let o be 0/(4/q - 4). Suppose 2*s - 20 = -2*s - 3*d, -4*d + 16 = o. What are the prime factors of s?
2
Suppose -k + j = -10, -2*k + j + 42 = 3*k. Suppose -4*y - k = 4*p, 4*y = -5*p + 2*p - 6. Suppose y = 4*t - 371 + 139. List the prime factors of t.
2, 29
Let d = -47 + 44. What are the prime factors of (2/d)/(-1)*1728/12?
2, 3
Let t(v) = 13*v - 23. Let h be t(-5). Let j = h + 134. What are the prime factors of j?
2, 23
Let u be 3742 - (0 + 2 - (9 + -9)). What are the prime factors of (-9)/12 - (u/(-16) + -2)?
5, 47
Suppose -3*g - 5*v = 0, v = -0*g - 3*g. Let q be (8 - g) + (2 - -2). Suppose 15*m = q*m + 171. What are the prime factors of m?
3, 19
Let o = -549 - -780. Suppose 27 - o = -3*t. What are the prime factors of t?
2, 17
Suppose -30*k = -27*k - 30. What are the prime factors of (2/6)/(k/30) + 82?
83
Let z(w) = -7*w - 2. Suppose -24 - 1 = 3*v - 4*m, -4*v - 32 = -4*m. Let b be z(v). Let n = -31 + b. What are the prime factors of n?
2
Let t = -2183 + 3842. What are the prime factors of t?
3, 7, 79
Suppose -4 - 28 = -u. List the prime factors of u.
2
Let t be (-2 - (1 - 3))*1. Let s = t + -7. List the prime factors of (-362)/s + (-12)/(-42).
2, 13
Let r be 1 - -1 - (310 - -7). List the prime factors of (8/(-30))/(-2) - 17283/r.
5, 11
Let h(v) be the first derivative of v**4/4 - 7*v**3/3 + 11*v**2/2 - 11*v + 14. List the prime factors of h(7).
2, 3, 11
Suppose 5*t = -m + 8*t + 1390, -2*t - 2800 = -2*m. List the prime factors of m.
5, 281
Let s(w) = 5*w**2 - 2*w + 6. Let n(q) = 4*q**2 - 2*q + 7. Let j(u) = -4*n(u) + 3*s(u). Let c be j(5). What are the prime factors of 2 - c/(-1)*-1?
3
Suppose -48 = -10*v + 12. Let a(u) = -u**2 - 2 + 10*u - 6 + 2*u. List the prime factors of a(v).
2, 7
Let o = -9 - -12. Let u be o/(-3) + 0 + -21. What are the prime factors of 633/33 + 4/u?
19
Let c(k) = -k**2 + k - 1. Let o be c(0). Let j be (o/(-3))/((-1)/(-6)). Suppose -116 = -2*t - j*t. What are the prime factors of t?
29
Suppose c - 3*i = 944, 2*i = -c + i + 944. Suppose -v + 9*v - c = 0. What are the prime factors of v?
2, 59
Suppose 0 = -5*z - 0*z + 10. Suppose 0 = b + z*b - 318. What are the prime factors of b?
2, 53
Suppose -2*y + r - 2 = -10, y - 4 = -3*r. List the prime factors of 614/6 - -1 - y/(-6).
2, 13
Let w = 15 - 12. Suppose -w*z = 540 + 198. What are the prime factors of z/(-18) + 2/6?
2, 7
Suppose -2*m + 8 = 5*s, 6*s = 3*m + 5*s - 12. Suppose 7 + 2 = c. Suppose -8*t = -c*t + m. List the prime factors of t.
2
Suppose 5*z - 30 + 5 = 0. Suppose 5*b - z*k = -94 + 344, 0 = 4*k - 16. What are the prime factors of b?
2, 3
List the prime factors of -15*(0 - 3 - 2115/75).
2, 3, 13
List the prime factors of 3 - (8 - 2368) - -10.
3, 7, 113
Let w(b) = 71*b - 85. Let a(f) = -24*f + 28. Let l(x) = 7*a(x) +